180 + w**5/30 - w**4/12 + 2*w**2. Let n(h) be the second derivative of c(h). Calculate n(3).
-8
Let q = 11 + -16. Let n(x) = x - 2. Give n(q).
-7
Let p = -1 + 0. Suppose -3*a - 2*a = 20. Let c = p - a. Let s(h) = -h. Calculate s(c).
-3
Suppose -k + 18 = k. Suppose 2*y + 3 = k. Let t(v) = -v**2 + v + 3. Determine t(y).
-3
Let i(g) = 4 - 8*g + 6*g + 4*g. Calculate i(3).
10
Let j(d) = 7*d. Let s be ((-2)/4)/(8/16). Calculate j(s).
-7
Let t(a) = -2*a + 5. Let q(k) = -k. Let g(u) = -5*q(u) + t(u). Suppose 13 = 3*y - 2. Suppose 0 = y*f, -4*f - 4 - 1 = x. Determine g(x).
-10
Let v(d) be the second derivative of d**4/12 + d**3/2 - d**2/2 - 5*d. Determine v(-4).
3
Let p be 2/7 + 116/(-14). Let z be 4/((p - -2)/(-3)). Let x(j) = -3*j + 0 + 0 + z*j**2 + 0 - j**3 + 2. Give x(2).
-4
Let x = 13 - 17. Let z be x*1/(-4)*-5. Let g(s) = -s**3 - 6*s**2 - 8*s - 6. Determine g(z).
9
Let b(x) = x**3 - 2*x**2 - 4*x + 3. Let y = -5 - -9. Let l = 7 - y. Determine b(l).
0
Suppose -2*j - 6 = -2*k, -2*j - j - 8 = -4*k. Let o(t) = 0*t**2 - 3 - 63*t + 68*t + t**2 + 7. Give o(j).
0
Let n(z) = z**2 - 12*z - 7. Let q(u) = u**2 - 11*u - 6. Let t(x) = -6*n(x) + 7*q(x). Determine t(6).
6
Let g(w) = -w**3 - 3*w**2 - 5*w - 5. Let f(x) = -x**3 - 4*x**2 - 5*x - 4. Let i(j) = -3*f(j) + 2*g(j). Determine i(-5).
2
Let k(z) be the first derivative of z**4/12 + 7*z**3/6 - 3*z**2/2 + 3. Let i(a) be the second derivative of k(a). Let r = 0 + -5. Determine i(r).
-3
Let v(m) be the first derivative of -m**2/2 + 6*m + 32. Suppose -i = 2*q - 1, -2 = 3*q - 4*q - 2*i. What is v(q)?
6
Suppose -3*w + 2 = 2*n, 1 = -4*n - 2*w - 3. Let b(t) = 5*t**2 - 1. Let h(l) = 9*l**2 - 2. Let z(v) = -11*b(v) + 6*h(v). What is z(n)?
-5
Let i(m) = -1 + 8*m - 3*m - 1 - m**2. Suppose -8*y = -5*y - 12. Give i(y).
2
Let n = 8 - -6. Let l(q) = -q - 2*q**2 - 2*q**2 - q**2 - 1. Let m(o) = 24*o**2 + 4*o + 4. Let t(i) = n*l(i) + 3*m(i). What is t(2)?
2
Suppose 5*k - 75 = -5*m, -m + 5*m - 43 = -3*k. Let g(s) = -k*s**2 + 2*s + 2*s + 15*s**2 - s**3 - 2. What is g(2)?
-10
Let i be (2/1 - 0)*1. Let f = 7 + -5. Let d(c) = -4*c - 5 - 3*c**i + 0*c + 2*c**f. What is d(-4)?
-5
Suppose -5*d - 43 = -18. Let j(c) = -c**3 - 6*c**2 - 4*c - 2. Give j(d).
-7
Let z(s) = -2*s - 7. Let q = 2 + -8. Let k be -1*1/(-2)*2. Let j = q + k. Give z(j).
3
Let j(r) = r**2 - r - 4. Let q be j(3). Suppose 2*z + 3*u + 1 = 0, 5*z - 20 = -q*u - 6. Let w(b) = -b**2 + 2*b + 1. Calculate w(z).
-7
Let u(d) = d**2. Let t(q) = 3*q**2 + q - 2. Let y(f) = t(f) - 4*u(f). Let x(p) = 0*p**2 + p**2 - 3*p + p - 4*p. Let b be x(6). Calculate y(b).
-2
Suppose 5*l - n = 8, -n - 6 = -4*n. Let h(i) = -5*i - 2*i + 6*i**l - i**3 + i**2 - i**2 + 4. Give h(5).
-6
Let m(y) = -y**3 + 5*y**2 + y. Let i = -18 - -28. Let p be (i/4)/((-2)/(-4)). Determine m(p).
5
Let c(b) be the first derivative of 16*b**3/3 + b**2 + b + 4. What is c(-1)?
15
Let g(b) be the second derivative of -b**4/12 + b**2/2 + 7*b. Let p = 14 - 6. Let c = p + -6. What is g(c)?
-3
Let y be 10*-3*6/(-45). Suppose 0 = -2*n - 2*n - y. Let b(k) = 2*k**2 + k + 1. Let c be b(n). Let f(x) = -x**3 + x**2 - 2. Give f(c).
-6
Let k(l) be the second derivative of l**4/12 - 2*l**3/3 - l**2 + 6*l. Determine k(4).
-2
Let f(n) be the third derivative of -n**5/30 + n**4/24 + 8*n**2. What is f(1)?
-1
Let o(j) be the third derivative of j**4/12 - 23*j**2. Calculate o(-1).
-2
Let b(y) = 7*y + 3 - 6*y + 1. Suppose 6*u = 2*u + 4. Let z = u - 5. What is b(z)?
0
Let d(c) = -c**2 - 6*c - 1. Suppose 3*k + 2 = 11. Let r = k + 0. Suppose 0 = g + 3*g + r*f + 8, f = 4. Determine d(g).
4
Let m(s) = s**2 + 1. Let j(b) = b**3 - b**2 - 8*b - 4. Let a(g) = j(g) + 6*m(g). What is a(-6)?
14
Let k(h) = h**2 - 3*h + 9. Let l(a) = a**2 + a + 1. Let p(b) = -b - 1. Let s be p(-3). Let y(f) = s*l(f) - k(f). Let t = -216 + 211. Calculate y(t).
-7
Let f(s) be the first derivative of -s**4/4 - 2*s**3/3 + 3*s**2/2 + 3*s - 2. Calculate f(-3).
3
Let j = 72 - 41. Suppose -5*d + j = -0*f + 2*f, 2*f - 11 = -d. Let y(c) = -c**3 + 6*c**2 - 4*c - 5. Determine y(d).
0
Suppose 0 = -4*l + 22*c - 19*c - 30, -5*c = -10. Let t(a) = a**3 + 5*a**2 - 6*a + 6. What is t(l)?
6
Let a be (-22)/6*(-21)/7. Let m(n) = -a + 18 - 8 + 6*n. What is m(-1)?
-7
Let b(c) = -c**2 - 5*c + 4. Suppose -2*x = 2*x - 12, 4*t + 3*x - 21 = 0. Determine b(t).
-20
Let y = 87 + -81. Let z(d) = -d - 5. What is z(y)?
-11
Let n(m) = m - 3. Let p = -21 + 21. Give n(p).
-3
Let q(d) = -14*d**2 - d**3 + 5 + 8*d**2 + 5*d**2. Give q(0).
5
Let j(f) = f + f**3 - f**2 + 3 - 3*f**2 + 7*f**2. Let w be j(-3). Let l(z) = -z. Determine l(w).
0
Let f be (48/12)/(1 + 1). Let t(c) = c - 4. Let q(d) = -d + 1. Let a(o) = -6*q(o) - 2*t(o). Determine a(f).
10
Let d(g) be the third derivative of -g**4/24 - g**3/6 + g**2. Let u(x) = x**3 - 2*x. Suppose -5*h + 11 - 1 = 0. Let m be u(h). Determine d(m).
-5
Let c(n) = -n + 12. Let r(i) = i + 13. Let a be r(-10). Suppose 10 = -p - a. Let o = p + 18. What is c(o)?
7
Let j(c) be the second derivative of -c**4/12 - 5*c**3/6 + 5*c**2 + 12*c. Determine j(-7).
-4
Let m(v) be the first derivative of v**5/120 - v**4/4 - 2*v**3/3 - 1. Let x(p) be the third derivative of m(p). What is x(5)?
-1
Let g be 21/35 - 4/(-10). Let m be g*(-4)/(-2) - 3. Let s(l) = -5*l. What is s(m)?
5
Let w be (2/(-4))/(3/(-30)). Suppose k - x - 1 = -0, 5*x - w = 0. Let l(u) = 2*u + u**2 + u**3 - 3 - u**2 - 3*u**2. Calculate l(k).
-3
Suppose -2 = 3*z - 4*z. Let w(f) = 2*f**2 + f - 1. Calculate w(z).
9
Let b(l) = -l**3 + 5*l**2 - 5*l - 3. Suppose -22 = -2*d - 4*p, 0 = -4*p - 0*p + 4. Let n(a) = -a + 13. Let t be n(d). Let i = t + 0. Calculate b(i).
-7
Let w(k) = -5*k. Let n = 60 + -61. What is w(n)?
5
Let b(v) = 4*v + 5. Let j be b(-3). Let k(c) = -c**2 - 7*c - 3. What is k(j)?
-3
Let b(s) = s**3 + 3*s**2 + 4*s + 3. Let j(c) = 6*c + 6 - 3 - 4. Let r be j(-1). Let u = 5 + r. Give b(u).
-1
Let z(h) = 2*h - 9. Let b(s) = s - 4. Let m(d) = 9*b(d) - 4*z(d). Calculate m(-4).
-4
Let a = -4 - -9. Suppose 0 = -3*q + a*i - 28 - 10, 5*q - 4*i = -46. Let n(j) = j**2 + 5*j - 8. Give n(q).
-2
Let o = -16 - -23. Let f = -6 + o. Let u(g) be the third derivative of -g**4/12 - g**3/6 - g**2. What is u(f)?
-3
Suppose 0 = -3*s + 3 + 3. Let u be s/(5/(-2) - -3). Let k(o) = 2 - 1 + o + 3. What is k(u)?
8
Let q(n) = n**3 - 6*n**2 + 8. Let p(v) = -v**3 - 3*v**2 + 3*v + 3. Let d be p(-3). Let z = 12 + d. Calculate q(z).
8
Let k(t) = 13*t + 7*t - 22*t + 4. Give k(3).
-2
Let w(y) = -y**3 + y + 1. Let o be w(-1). Let p(u) = o - u - u + u. Let g(v) = -v + 1. Let d be g(0). Calculate p(d).
0
Let i(v) = 3*v - 1. Let o = -25 + 27. Give i(o).
5
Let v(l) = l**3 + 5*l**2 + l - 1. Let k be v(-2). Suppose -u - 2*o = -k, -2*u - o + 14 = o. Let r(i) = i**3 - 4*i**2 - 7*i + 3. Calculate r(u).
-7
Let x(u) = -9*u**2 - 11*u + 13. Let b(a) = 4*a**2 + 5*a - 6. Let y(n) = 7*b(n) + 3*x(n). Let g = -150 + 146. What is y(g)?
5
Let l(s) be the second derivative of -s**3/6 - s**2/2 - 2*s. What is l(-3)?
2
Let q(t) be the second derivative of t**3/2 + 5*t**2/2 - 26*t. What is q(-4)?
-7
Let c(b) = 2*b - 1. Suppose 3*n + 9 = -3*u, u - 4*n + 0*n - 17 = 0. Suppose 0 = m - 2 - u. Determine c(m).
5
Let h be 1*(2 - -1) + 2. Suppose 0 = 5*u + 3*r, -h*u = -3*r - 31 + 1. Let k(f) = -f**3 + f**2 + 5*f - 3. Determine k(u).
-6
Let m = -4 - -14. Suppose 2*t - 4 = -5*o, -5*o = -5*t - o + m. Let u(s) = 3*s - 3. Calculate u(t).
3
Let u = -11 - -5. Let q(l) = -11*l**3 + 3*l**2 + 10*l - 21. Let s(f) = 5*f**3 - f**2 - 5*f + 10. Let n(y) = u*q(y) - 13*s(y). Calculate n(3).
-7
Let j(l) be the second derivative of -l**3/6 + 3*l**2/2 + 4*l. Give j(0).
3
Let a(d) be the first derivative of d**2/2 - 12*d - 11. Calculate a(5).
-7
Let x(g) = 4*g + 3. Let w(f) = -5*f - 3. Let k(c) = -6*w(c) - 7*x(c). What is k(3)?
3
Let b(r) be the third derivative of r**4/6 + 2*r**2. Calculate b(-2).
-8
Let r = 20 - 6. Suppose 0 = 3*q - 2 + r. Let w(k) = -18*k**2 + 0 + 1 + 19*k**2 + 3*k. Determine w(q).
5
Let d(r) be the second derivative of r**5/20 - r**4/6 - r**3/2 - 3*r**2/2 + 29*r. Determine d(3).
-3
Suppose 0 = p + p - 6. Let f(g) = p + 0*g + g**2 - 2*g - 3*g. Let k = 0 - -4. Give f(k).
-1
Let l(t) = -t**3 - 11*t**2 + t + 2. Let q = 40 - 51. Give l(q).
-9
Let w(r) = -16*r - 3*r**2 - 1 + 9*r + 6*r + 15*r*